x) = -6*x**3 - 532*x**2 + 168*x - 605. Give h(-89).
285
Let r(w) = -4*w**3 + 135*w**2 - 751*w + 17. Calculate r(28).
-2979
Let d(s) = 55*s + 11053. Determine d(-203).
-112
Let p(a) = 10*a**2 + 421*a + 835. Determine p(-2).
33
Let y(q) = -2*q**3 + 68*q**2 + 96*q - 773. Determine y(35).
137
Let m(x) = -x**2 - 569267*x - 2846313. Determine m(-5).
-3
Let b(n) = 5864*n - 35111. Calculate b(6).
73
Let o(j) = j**3 - 308*j**2 + 17716*j + 16395. Give o(231).
-6
Let r(w) = 3*w**2 + 315612*w - 1262494. Determine r(4).
2
Let n(v) = 2474*v**2 + 14832*v + 8. Calculate n(-6).
80
Let w(n) = 519359*n - 2077408. Determine w(4).
28
Let d(c) = 103*c**2 + 385*c - 1147. Determine d(3).
935
Let h(b) = -217*b**3 - 5*b**2 + 10*b - 8. Determine h(1).
-220
Let q(n) = 47458*n + 14759432. What is q(-311)?
-6
Let f(b) = -5*b**2 - 6*b + 6618. Give f(-37).
-5
Let p(l) = l**3 - 291*l**2 - 310*l + 4740. Determine p(292).
-516
Let v(j) = 6652*j + 26610. Determine v(-4).
2
Let b(x) = 21*x**2 - 101*x + 167. Determine b(2).
49
Let j(n) = -81*n**2 - 7303*n - 1182. Determine j(-90).
-12
Let t(b) = 18*b - 693. Calculate t(44).
99
Let f(q) = -q**2 + 2854*q + 142048. Determine f(-49).
-199
Let j(y) = 18949*y + 2747598. Calculate j(-145).
-7
Let l(s) = -124289*s + 621539. What is l(5)?
94
Let y(g) = -26*g**3 - 789*g**2 + 513*g - 425. Calculate y(-31).
9
Let u(o) = 10*o**2 + 12193*o - 409390. Give u(-1252).
14
Let d(p) = p**3 + 13*p**2 + 166*p + 1160. Give d(-8).
152
Let k(q) = 1363*q**2 - 9520*q - 138. Determine k(7).
9
Let w(h) = 5*h**3 + 952*h**2 - 565*h + 1534. Determine w(-191).
6
Let v(g) = 4*g**2 - 990*g + 49042. Determine v(179).
-4
Let d(p) = 2*p**2 + 141516*p - 141514. Determine d(1).
4
Let n(o) = 9*o**3 + 2587*o**2 - 4047*o - 281. Give n(-289).
8
Let l(w) = 2*w**3 - 167*w**2 - 175*w + 7666. Give l(84).
22
Let y(i) = 1071*i + 14908. Determine y(-14).
-86
Let c(w) = w**3 + 44*w**2 + 566*w + 2575. What is c(-26)?
27
Let t(q) = -q**2 - 729*q + 31684. Calculate t(41).
114
Let l(m) = -4*m**2 + 3418*m - 16968. Determine l(5).
22
Let o(k) = k**2 - 7874*k - 1334638. Calculate o(-166).
2
Let l(j) = j**3 + 18*j**2 - 53*j - 136. What is l(-21)?
-346
Let w(h) = 8*h**3 + 1232*h**2 + h + 114. Calculate w(-154).
-40
Let s(g) = 9603*g - 19182. What is s(2)?
24
Let w(x) = -x**2 + 11258*x - 135002. Give w(12).
-50
Let t(m) = 80120*m - 25478165. Give t(318).
-5
Let s(h) = -6177*h - 39098. Calculate s(-6).
-2036
Let d(r) = r**2 + 2325*r + 1019043. What is d(-586)?
-11
Let i(n) = -n**3 + 68*n**2 + 3338*n - 506. Calculate i(101).
-1
Let m(d) = -1688*d + 227857. Determine m(135).
-23
Let u(n) = -n**2 + 11776*n + 377851. Give u(-32).
-5
Let v(z) = 6*z**3 - 44*z**2 - 26*z - 30. Give v(8).
18
Let i(o) = -84*o**2 - 15535*o + 886. Give i(-185).
-39
Let c(y) = 3*y**3 - 11*y**2 + 370*y - 1935. Determine c(6).
537
Let m(a) = a**2 - 10162*a + 61012. Give m(6).
76
Let a(y) = 32*y**2 + 5086*y + 499. What is a(-159)?
817
Let a(c) = -9*c**3 - 208*c**2 - 727*c - 16168. What is a(-23)?
24
Let r(l) = -124*l + 9715. What is r(78)?
43
Let u(j) = 3274*j + 52312. Give u(-16).
-72
Let d(n) = n**2 - 107*n + 1272. What is d(14)?
-30
Let b(d) = -d**3 - 38*d**2 - 1132*d - 33874. What is b(-34)?
-10
Let j(m) = 5*m**3 - 143*m**2 - 7097*m + 22. What is j(-26)?
-4
Let r(v) = 1486*v**2 - 4282*v + 4281. Calculate r(1).
1485
Let i(z) = -2694*z - 829765. Determine i(-308).
-13
Let k(w) = 2*w**3 + 68*w**2 + 460*w + 542. Calculate k(-19).
2632
Let f(i) = -i**3 - 30*i**2 + 35*i - 562. Calculate f(-29).
-2418
Let l(u) = -2*u**3 + 28*u**2 - 491*u + 7717. Calculate l(15).
-98
Let b(h) = h**3 + 45*h**2 + 205*h + 164. What is b(-4)?
0
Let k(q) = -3*q**3 - 662*q**2 + 227*q + 1770. What is k(-221)?
444
Let p(n) = -n**3 - 662*n**2 - 8434*n + 66. What is p(-13)?
27
Let p(z) = 2395*z**2 - 433493*z - 163. What is p(181)?
199
Let j(d) = -17*d**3 + 71*d**2 + 60*d - 228. Determine j(4).
60
Let f(v) = 4*v**3 + 15*v**2 - 426*v + 1205. What is f(4)?
-3
Let k(d) = -224*d**2 - 1203*d + 74. Give k(-5).
489
Let w(b) = -72069*b + 720869. Give w(10).
179
Let z(j) = 410*j - 2205. Determine z(7).
665
Let g(b) = 3496*b + 1538246. What is g(-440)?
6
Let x(o) = 46*o**2 + 10136*o + 23544. Calculate x(-218).
0
Let y(q) = 211824*q - 4024654. What is y(19)?
2
Let u(l) = -l**3 - 317*l**2 - 449*l - 41996. What is u(-316)?
32
Let m(n) = -2*n**3 - 778*n**2 + 23363*n + 4590. Give m(-417).
3
Let v(i) = -4*i**3 - 340*i**2 - 85*i - 7420. Calculate v(-85).
-195
Let v(n) = 5*n**2 + 98*n - 467. Calculate v(-23).
-76
Let b(q) = -2*q**2 + 40*q - 311. Determine b(10).
-111
Let j(d) = -d**3 - 58*d**2 + 225*d + 13022. Determine j(-58).
-28
Let a(b) = -8*b**2 + 1025*b + 6995. Calculate a(-7).
-572
Let w(j) = j**2 - 363*j + 32804. Determine w(157).
462
Let b(i) = 2*i**2 - 5827*i - 76054. What is b(-13)?
35
Let i(z) = -594966*z - 1784939. Calculate i(-3).
-41
Let t(m) = m**2 + 30744*m - 861630. Determine t(28).
-14
Let z(d) = 218*d**3 - 15*d**2 - 11*d + 25. What is z(-2)?
-1757
Let g(k) = 555*k + 4392. Calculate g(-7).
507
Let w(u) = 415*u**2 - 77978*u - 7918. Give w(188).
-22
Let o(w) = 197*w**2 - 2448*w + 211. What is o(12)?
-797
Let y(k) = 198*k**2 - 1786*k - 1540. What is y(10)?
400
Let a(m) = -1303983*m - 6519915. Give a(-5).
0
Let k(i) = -245*i**3 + 3*i**2 + 2414*i - 2414. What is k(1)?
-242
Let f(a) = 28*a**2 + 720*a - 966. What is f(-27)?
6
Let b(d) = 134*d**2 - 583*d - 68. Calculate b(5).
367
Let p(k) = -16*k**2 - 4696*k + 32829. Give p(7).
-827
Let c(g) = g**3 + 6*g**2 - 46*g + 54. Give c(-14).
-870
Let h(o) = -5*o**3 + 274*o**2 + 46*o + 501. Determine h(55).
6
Let p(g) = g**3 - 1571*g**2 + 61*g - 95834. Determine p(1571).
-3
Let v(r) = -866*r + 1625. Give v(0).
1625
Let v(r) = 13*r**3 + 163*r**2 + 472*r + 20. Determine v(-8).
20
Let l(y) = y**3 + 9*y**2 - 883*y - 4509. What is l(-5)?
6
Let r(h) = 183*h + 2982. What is r(-16)?
54
Let b(y) = 150*y**2 - 26536*y - 2479. What is b(177)?
-1
Let k(g) = -g**3 + 7270*g**2 - 79850*g + 4. Calculate k(11).
-7
Let j(n) = -2*n**2 - 2953*n + 20800. Determine j(7).
31
Let b(q) = 11*q**2 - 340*q + 71. What is b(30)?
-229
Let s(a) = -19259*a + 173142. What is s(9)?
-189
Let j(f) = 3336*f - 76752. Determine j(23).
-24
Let l(h) = 6*h**3 + 76*h**2 + 157*h - 101. Give l(-10).
-71
Let a(s) = -s**3 - 1583*s**2 + 12491*s - 377069. Determine a(-1591).
-2
Let a(s) = s**3 + 45*s**2 - 286*s + 2496. Give a(-51).
1476
Let v(c) = 5*c**2 - 36*c - 52. Calculate v(5).
-107
Let l(o) = 28*o**3 - 869*o**2 + 29*o + 37. Determine l(31).
-25
Let r(a) = -a**3 - 22*a**2 - 66*a - 68. Determine r(-12).
-716
Let p(h) = 2*h**2 + 107*h + 1306. Determine p(-24).
-110
Let w(o) = 235*o - 8042. What is w(33)?
-287
Let v(c) = 13*c**2 - 8711*c + 17424. Determine v(2).
54
Let d(h) = -1279*h + 378842. What is d(295)?
1537
Let w(n) = -83*n - 5597. What is w(-50)?
-1447
Let n(b) = -2463*b - 7744. What is n(-3)?
-355
Let i(q) = q**3 - 25*q**2 + 10*q + 2136. Give i(15).
36
Let r(c) = -c**3 - 96*c**2 - 716*c - 545. Give r(-88).
511
Let c(l) = l**3 - 1345*l**2 - 14931*l - 170. Give c(-11).
-5
Let d(w) = w**3 + 4*w**2 + 175*w + 1998. Calculate d(-9).
18
Let h(y) = 20*y**3 - 67*y**2 - 613*y + 1893. Determine h(3).
-9
Let d(m) = -m**2 + 46295*m + 2549221. Calculate d(-55).
-29
Let a(s) = 2*s**3 + 3*s**2 + 53*s + 124. Give a(-3).
-62
Let b(w) = -4*w**3 + 123*w**2 + 57*w - 4465. Give b(30).
-55
Let l(n) = -192*n - 10965. Give l(-59).
363
Let f(g) = -7*g**2 - 267*g + 2560. Determine f(11).
-1224
Let s(u) = -u**3 + 20*u**2 - 59*u + 104. Determine s(19).
-656
Let v(l) = -3103*l + 71986. Give v(23).
617
Let v(s) = 79345*s + 3332526. Give v(-42).
36
Let s(o) = -o**2 - 8971*o - 214737. Determine s(-24).
-9
Let z(g) = 26*g**3 + 264*g**2 - 1423*g - 19. Calculate z(-14).
303
Let l(k) = 2*k**2 - 7056*k - 63703. Determine l(-9).
-37
Let x(o) = 54*o + 930. What is x(-14)?
174
Let o(j) = 10*j**2 - 6529*j + 256570. What is o(42)?
-8
Let s(r) = r**2 - 12872*r + 128713. Determine s(10).
93
Let b(o) = -1338*o + 47072. Determine b(37).
-2434
Let h(i) = 290*i - 4668. Give h(18).
552
Let w(o) = 2*o**3 - 38*o**2 + 201*o + 38. Calculate w(6).
308
Let n(j) = -7937*j**2 + 182555*j + 24. Determine n(23).
116
Let v(m) = -m**2 - 47*m - 403. Give v(-54).
-781
Let n(l) = -470*l - 2201. What is n(-8)?
1559
Let q(d)